2 + 1. Suppose -5*w - 2723 = -3*b - 630, 5*b - 3520 = 2*w. Let j = b - 713. Determine s(j).
-7
Let p(t) = -t**3 + 2*t**2 + 3*t - 9. Let x(q) be the first derivative of -3*q**4/4 + 5*q**3/3 + 4*q**2 - 27*q + 23. Let r(z) = -8*p(z) + 3*x(z). What is r(0)?
-9
Let l be (-8)/((-32)/(-12)) - -12. Let j(i) = 17*i**2 + l*i**2 - 25*i**2 + 7*i - 7. Let a(w) = 8*w + 1. Let z be a(-1). Determine j(z).
-7
Let m(a) be the third derivative of -a**5/60 + 2*a**4/3 - 13*a**3/2 + 12025*a**2. Give m(17).
-56
Let j(b) = b**3 - 6*b**2 + 7*b - 6. Let d(o) = 7*o + 12. Let k be d(-2). Let z be 3/k*(12 + 46/(-3)). Give j(z).
4
Let p(j) = 4*j**3 - 57*j**2 + 9*j - 51. Let l(a) = -5*a**3 + 60*a**2 - 11*a + 52. Let x(q) = -5*l(q) - 6*p(q). Give x(-42).
4
Let i(q) = 13*q + 5. Suppose -70 = 8*s - 62. Let a be i(s). Let u(r) = -r + 1. Let g(l) = 2*l - 3. Let x(h) = -g(h) - 3*u(h). Calculate x(a).
-8
Let y(x) = -7*x**3 - 26*x**2 - 10*x - 14. Let t(m) = -9*m**3 - 28*m**2 - 9*m - 23. Let c(z) = 3*t(z) - 4*y(z). Calculate c(-19).
101
Let n(o) = 6*o - 53. Let y be (0 + 3)*-1*((-1886)/69 - -23). Calculate n(y).
25
Let w(o) be the second derivative of o**4/12 + 3*o**3 + 35*o**2/2 - 2671*o. What is w(-15)?
-10
Let v(c) = c**3 + 7*c**2 - 7*c + 6. Let m(r) = 3*r**3 + 13*r**2 - 13*r + 11. Let q(w) = 6*m(w) - 11*v(w). Suppose k = 3*h - 17, -6*k - 3 = -3*k - h. Give q(k).
7
Let v(p) = -p**3 - 2*p - 4. Let d(x) = 2*x**3 - x**2 + 9. Let l be d(0). Let z(b) = -5*b**3 - 7*b - 16. Let m(c) = l*v(c) - 2*z(c). Calculate m(-2).
-4
Let j(l) = 2*l**3 + 10*l**2 - 135*l - 26. Let r be j(-11). Let f(i) = -i**2 + 18*i - 61. Calculate f(r).
16
Let a(y) = -y - 3 + 1 + 0. Let l(v) = -2*v - 13. Let x be l(-6). Let z be (x - (-1)/1) + (-7 - -12). What is a(z)?
-7
Suppose 446*u - 1 = 445*u. Let r(v) = 3*v + 4*v - 4*v - u - v + v. Give r(2).
5
Suppose 14*o + 22 = -2*g + 13*o, 4*g + 48 = -3*o. Let k(n) = -n**2 - 7*n + 8. Calculate k(g).
-10
Let n(a) be the third derivative of -a**5/60 + a**4/6 + a**3 + 19*a**2. Let w = -62 - -67. Suppose -2*m + 2 = -3*h + 9, -w*h + 5*m = -5. What is n(h)?
1
Let l(t) = 20 + 5*t - 17*t**2 - 18*t + 20*t**2 + 0*t. Let z be l(2). Let n(q) = -5*q + 25. Calculate n(z).
-5
Let u(d) be the first derivative of 14*d**2 - 188*d - 3505. Give u(7).
8
Let f(g) = -10*g**3 + 99*g**2 + 10*g + 2. Let a(d) = -d**3 + 32*d**2 - 242*d + 34. Let q be a(12). What is f(q)?
2
Let h(p) = p + 3. Let a = 92 - 84. Suppose a*n = -1 - 31. Calculate h(n).
-1
Suppose 0 = 2*o + n - 11, 5*n + 43 = o + 3*o. Suppose o = 3*c + 1. Let w(d) = 10*d**c + 5*d**2 - 1 - 26*d**2. Determine w(1).
-12
Let j(x) be the first derivative of -3*x**4/4 + 32*x**3/3 - 43*x**2/2 - 22*x - 1150. Determine j(9).
-4
Let b be 2*(-176)/192*6. Let l(i) = i**3 + 12*i**2 + 12*i - 10. What is l(b)?
-21
Let l(u) = 8*u**2 + 94*u - 18. Let c be l(-9). Let s be -4*((-48)/c)/((-4)/(-9)). Let b(n) = -n**2 + n. Determine b(s).
-6
Let q(w) = 9*w**2 + 7*w - 11. Let v = 148 - 144. Let u(y) = 7*y**2 + 8*y - 11. Let f(b) = v*q(b) - 5*u(b). Give f(11).
0
Let x(b) = -3*b + 35. Let v(h) = h**3 - 95*h**2 + 99*h - 462. Let u be v(94). Calculate x(u).
11
Let u(i) be the first derivative of -i**3/2 + i**2/2 - 2*i + 3. Let o(k) be the first derivative of u(k). Let f be -9 - (-61)/(1525/250). Calculate o(f).
-2
Let o = -2907 + 2908. Let f(x) be the second derivative of -x**5/15 + x**4/12 - x**3/6 + 5*x**2/2 + 4*x. Let v(r) be the first derivative of f(r). What is v(o)?
-3
Let n(x) = 9*x + 68. Suppose 3*y = 4*d + 34, d - 3*y - 55 + 59 = 0. Calculate n(d).
-22
Let v be 360/(-80)*(-6)/9 + -10. Let s(t) = 7*t + 29. Give s(v).
-20
Let t = -2 - -2. Let g(r) = r**2 + r - 17. Let c(l) = 4*l + 2*l**2 - 35 - 21*l + 19*l. Let w(j) = -6*c(j) + 13*g(j). Give w(t).
-11
Let u(w) = -17*w**2 + w - 3. Let l(o) = -71*o**2 + 3*o - 11. Let n(d) = 6*l(d) - 25*u(d). What is n(-8)?
1
Let s(a) = 153*a + 5. Let k(u) = -u**2 + 392*u + 11. Let l(i) = -2*k(i) + 5*s(i). Calculate l(11).
36
Let p(a) = 30*a**2 + 13 + 32*a**2 - 89*a**2 - 14*a + 28*a**2. Suppose 39 + 0 = 3*v. Let b be p(v). Let c(f) = f**3 - f + 19. What is c(b)?
19
Suppose -18 = -o - 4*p, 0 = -o - 4*o + 3*p - 2. Suppose 0 = -114*i + 108*i + 12. Let l(y) = 3*y - i*y**2 + 21 - y - 20 - y**2. Determine l(o).
-7
Suppose 2*u = 6 + 2. Let d(i) be the third derivative of 0 - 2/3*i**3 - 3*i**2 + 19*i - 1/60*i**5 + 1/4*i**4. Determine d(u).
4
Let s = 11439 + -11433. Let w(u) = u - 16. What is w(s)?
-10
Let h(m) = -3*m - 4. Let x be -5*(6 + 12)/18. What is h(x)?
11
Let b(s) = -s**3 + 2*s**2 + 5*s + 1. Let h be ((-30)/12)/(1/(-20)). Let n = 49 - h. Let a be (-1)/(((-3)/(-12) - 0)/n). What is b(a)?
-11
Suppose -3*m + 32 = 4*z, 2*z + 19*m - 6 = 20*m. Let w(g) = z + 0*g + 5*g - g + 3*g - 7. Calculate w(4).
26
Let y(a) = -168 + 126 - 17*a - 111*a**2 + 113*a**2 - 50*a. What is y(34)?
-8
Let m(d) = -7*d**3 + 9*d**2 + 16*d - 6. Let r(s) = -124*s**3 + 24*s - 9 + 114*s**3 + 7*s**2 + 7*s**2. Let l(h) = -7*m(h) + 5*r(h). Calculate l(8).
-3
Let y(b) = b**2 - 8*b - 22. Let g be ((-54)/10)/((-111)/185). Determine y(g).
-13
Let w(c) = 5*c**3 - 4*c - 1. Let l be w(2). Let k = 27 - l. Let p(r) be the third derivative of -r**5/60 - 5*r**4/24 - r**3/6 + 10*r**2. Calculate p(k).
3
Suppose -4*f = 186 + 106. Let n = f - -75. Let m(u) = 3 - n - 8 + 3*u. What is m(5)?
8
Let s(q) be the third derivative of -7*q**4/12 - 44*q**3/3 + 12134*q**2. Calculate s(-6).
-4
Let j(c) = -10*c - 63. Let g = -19139 + 19131. What is j(g)?
17
Let o(g) = g**3 + 5*g**2 - g. Let p be o(-5). Let d(m) be the first derivative of -m**3/3 + 6*m**2 + m - 275. Determine d(p).
36
Let t(k) be the third derivative of 5*k**4/24 + 41*k**3/6 + 114*k**2 + 9*k. Determine t(-12).
-19
Suppose d - 2*a + 42 - 46 = 0, 0 = 4*d - a - 16. Let p(z) = -2*z + 2 + 4 - d - 8 - 1. Give p(0).
-7
Let g(v) be the third derivative of v**6/360 + 17*v**5/120 + 15*v**4/2 + 11*v**2 - 8*v. Let z(n) be the second derivative of g(n). Give z(-7).
3
Let l(f) = -2*f**3 - f**2 + 4*f + 3. Suppose -40 + 4 = 4*x. Let s = x + 9. Suppose s = 4*q + 6 + 2. Give l(q).
7
Let b(n) be the second derivative of n**5/60 + n**4/4 - 7*n**3/6 + 36*n**2 - 15*n - 4. Let c(a) be the first derivative of b(a). Let r = 10 + -17. Give c(r).
0
Let f(p) = p - 54. Let m = 3614 + -3614. Give f(m).
-54
Let w(r) = -r**2 + r + 15. Let n = 5 + -1. Let s(y) = 2. Let f(b) = n*s(b) - w(b). What is f(0)?
-7
Let q(g) = 34*g - 133. Let m(i) = -4*i + 4. Let x(t) = -2*m(t) - q(t). What is x(5)?
-5
Let t(u) be the second derivative of u**7/840 - u**6/90 + u**5/120 - u**4/6 + 161*u**3/6 + 102*u. Let d(j) be the second derivative of t(j). Give d(3).
-10
Suppose 0 = 211*t - 284*t + 584. Let a(c) = -2*c**3 + 15*c**2 + 15*c - 62. What is a(t)?
-6
Let n(z) = -15*z**3 - z**2 + 1. Suppose -x + 4*a + 1 = 0, a = 4*x - a - 32. Suppose 0 = x*h + 11*h + 20. What is n(h)?
15
Let a(v) = -5*v**2 + 181*v - 529. Let j be a(33). Let w(c) = 3*c + 0 + 1 - 7*c. Determine w(j).
5
Let q(j) = -5*j**2 + 0*j**2 + 2 - 15568*j + 15571*j. What is q(-1)?
-6
Suppose -s + 4*a = -59, 4*s - 4*a + 8*a - 256 = 0. Let l = s + -65. Let w(c) = c**3 + 2*c**2 - 2*c - 3. Determine w(l).
1
Suppose -5*j + 2 - 10 = 3*s, 0 = 2*s + 6*j. Let v(d) = -4*d**2 + 3*d + 12. What is v(s)?
-150
Let l(f) = 3*f - 3. Suppose -3*j + 3*m - 33 = 0, 0 = 3*j + 5*m - 9*m + 33. Let r be 5/(-10) + j/(-2) + 2. What is l(r)?
18
Let k(b) be the third derivative of -b**5/120 - b**3/3 + 4*b**2. Let n(x) be the first derivative of k(x). Let h be (4 + -2 + 10)*(-9)/(-12). Determine n(h).
-9
Let w(m) = -m + 3. Let l(u) = 1 - 36*u + 4 + 3*u - 3*u**2 + 6*u**2. Let v be l(11). Suppose -2*y = -3*g - 1, -25 = -v*g - y - y. Determine w(g).
0
Suppose -28 + 168 + 36 = 11*x. Let d(i) = -i**2 + 19*i - 54. Determine d(x).
-6
Let s(l) = 2 + 9 + 6 - l - 1. Let t = -8 + 12. Suppose 0 = -t*q - 2*q + 54. What is s(q)?
7
Suppose -d + 87 - 51 = 0. Suppose -d = -193*f + 187*f. Let h(n) = n**3 - 6*n**2 + n - 1. What is h(f)?
5
Let h(o) = o**2 + 11*o - 44. Suppose 1756 = -45*t - 46*t + 391. What is h(t)?
16
Let v(o) = -38*o - 9. Suppose 13895 - 13910 = 5*t. Calculate v(t).
105
Suppose 5*p - 9 = 1. Suppose w + p*w = 30. Let i(a) = 14 + a + 2 - w. Give i(-8).
-2
Let p(y) = y**2 + 8*y - 20. Let r(b) = 8*b - 39. Let w be r(5). Let g(u) = -10*u**2 + 9*u - 9. Let i 